7948
In base 8, what is 6 + -72221?
-72213
In base 2, what is 111001 + -1111110111?
-1110111110
In base 10, what is 86 + -319?
-233
In base 9, what is -57 + -107435?
-107503
In base 4, what is -21301 - 130?
-22031
In base 8, what is -761522 + 1?
-761521
In base 16, what is 4103 - 5?
40fe
In base 6, what is -235214 + 2?
-235212
In base 16, what is -49bd + -a?
-49c7
In base 12, what is -14662 + -1b?
-14681
In base 12, what is 10 + 180a3?
180b3
In base 15, what is 3 + 12e39?
12e3c
In base 10, what is 5 + -299871?
-299866
In base 5, what is 322 + 31310?
32132
In base 2, what is -1101101010110000 + 1?
-1101101010101111
In base 8, what is -4 + 54052?
54046
In base 16, what is 47 + -293?
-24c
In base 5, what is -1 + 2024130?
2024124
In base 13, what is 8c830 - 3?
8c82a
In base 2, what is -1110001 - -1000000100110?
111110110101
In base 16, what is -109c8 - 2?
-109ca
In base 5, what is 4 - -1014334?
1014343
In base 3, what is -2210112 + -22?
-2210211
In base 3, what is -20010110 + 200221?
-12102112
In base 9, what is -2 - 53201?
-53203
In base 10, what is -147477 + 3?
-147474
In base 8, what is 54215 + 5?
54222
In base 10, what is -180 - -1031?
851
In base 5, what is 31 - 11334?
-11303
In base 11, what is -1 - -33952?
33951
In base 8, what is 30 - 20250?
-20220
In base 4, what is 31 + 102223?
102320
In base 15, what is 156 - -a86?
bdc
In base 7, what is -446514 - 3?
-446520
In base 15, what is -13 - -3e8a?
3e77
In base 7, what is -3060 - 156?
-3246
In base 9, what is -138241 - -14?
-138226
In base 12, what is 126213 + -2?
126211
In base 8, what is 4101 - 7?
4072
In base 14, what is 122 - 29db?
-28b9
In base 2, what is 11011101100110 - 1?
11011101100101
In base 9, what is -1581 + -238?
-1830
In base 6, what is 4 + 20155420?
20155424
In base 9, what is -4458 + 11?
-4447
In base 15, what is 47 - 10c?
-b5
In base 13, what is -136 - 813?
-949
In base 8, what is 3 + -342506?
-342503
In base 4, what is 11131 - -332?
12123
In base 3, what is 120222 - -202?
121201
In base 7, what is 30 + 1250?
1310
In base 10, what is 65707 - 2?
65705
In base 6, what is 35 - 443021?
-442542
In base 8, what is -11 - 54712?
-54723
In base 8, what is 4031 + 52?
4103
In base 9, what is 5 + 1615?
1621
In base 13, what is 5 - 1661?
-1659
In base 7, what is 334 + -121?
213
In base 9, what is -23 + 2161?
2137
In base 14, what is 60 + 207?
267
In base 2, what is 100101111001 - 110110?
100101000011
In base 7, what is 314160 + -1?
314156
In base 15, what is -d - 3d8a?
-3d98
In base 16, what is 0 + -e9e5?
-e9e5
In base 13, what is -3c - 40b8?
-4127
In base 12, what is -5 - 67017?
-67020
In base 9, what is -2 + 117854?
117852
In base 12, what is 352 - 178?
196
In base 2, what is 1110 + -10110000111001100?
-10110000110111110
In base 13, what is 5 - -3c88?
3c90
In base 4, what is -2 - -1133302?
1133300
In base 6, what is 5 - -2300145?
2300154
In base 7, what is -1256 + -4?
-1263
In base 11, what is 1957 - 46?
1911
In base 3, what is -101 - -210110020?
210102212
In base 10, what is -7 + 10953?
10946
In base 13, what is 10 + 92c1?
9301
In base 16, what is 1b + 83d?
858
In base 2, what is 1101010110001010111 - 1?
1101010110001010110
In base 3, what is 200 - 100212001?
-100211101
In base 9, what is 42 - 482?
-440
In base 10, what is -537 + -67?
-604
In base 2, what is 101 - -110011011100111?
110011011101100
In base 10, what is 495 - -1035?
1530
In base 15, what is -1 + -25a3?
-25a4
In base 10, what is -1 - 25534?
-25535
In base 15, what is 14e5c - b?
14e51
In base 2, what is -10110011110010100110 - -10?
-10110011110010100100
In base 5, what is 11401301 - -4?
11401310
In base 2, what is -1000110100101000 - 11?
-1000110100101011
In base 10, what is -27885 - 37?
-27922
In base 10, what is -1 + 315281?
315280
In base 6, what is -4020 + 35?
-3541
In base 8, what is 325 - -117633?
120160
In base 5, what is 1 + 3424003?
3424004
In base 7, what is 23 + -1433?
-1410
In base 13, what is -1a968 + 4?
-1a964
In base 9, what is -87 - -1708?
1611
In base 11, what is -2 + -14a2?
-14a4
In base 8, what is -5 - 26204?
-26211
In base 13, what is -36 + 132?
c9
In base 5, what is -14344 - -2243?
-12101
In base 6, what is 5 + 225544?
225553
In base 7, what is -165 + 51?
-114
In base 14, what is -17 - -1b82?
1b69
In base 13, what is -2895 - -4?
-2891
In base 15, what is -1 + 632e?
632d
In base 16, what is -ab4d + 1?
-ab4c
In base 3, what is 1011112122 - 1?
1011112121
In base 13, what is 3836 - 7?
382c
In base 3, what is 11120211221 - 1102?
11120210112
In base 12, what is 480a + -9?
4801
In base 2, what is 100000100101 + -100?
100000100001
In base 15, what is -5 + 36b?
366
In base 4, what is 10 - 1121123300?
-1121123230
In base 12, what is 208 - 8?
200
In base 15, what is -5 + -17c3b2?
-17c3b7
In base 2, what is -1011 - -11000010000?
11000000101
In base 4, what is 2120010101 - 11?
2120010030
In base 12, what is -39a + 144?
-256
In base 10, what is -120 + -214?
-334
In base 3, what is 100221221120011 + 1?
100221221120012
In base 4, what is -3 + -110233100?
-110233103
In base 16, what is -280e - ff?
-290d
In base 9, what is -887 + 101?
-786
In base 5, what is 231330211 + -3?
231330203
In base 15, what is -1d6c + 1?
-1d6b
In base 11, what is -1932a - -2?
-19328
In base 9, what is 2 - -3038?
3041
In base 10, what is -2 - 102?
-104
In base 7, what is -10 - -43120?
43110
In base 14, what is 6 + 743a?
7442
In base 16, what is 0 - 288e?
-288e
In base 4, what is -301233 - 30?
-301323
In base 10, what is -68208 - 4?
-68212
In base 6, what is 215433 - 3?
215430
In base 13, what is 1 - 274b?
-274a
In base 16, what is -dc917 + 5?
-dc912
In base 9, what is -430274 - -2?
-430272
In base 13, what is b8316 - -1?
b8317
In base 13, what is 182 - -18c?
341
In base 11, what is 279 - 27?
252
In base 8, what is 26402 - -75?
26477
In base 7, what is -4 + 2112662?
2112655
In base 8, what is -3 + -107?
-112
In base 12, what is 2b + 241b5?
24224
In base 11, what is 1131 - 1725?
-5a4
In base 4, what is 222 + 2210311?
2211133
In base 5, what is -104 + 30322?
30213
In base 8, what is 4 - 653514?
-653510
In base 10, what is 4 + -1934?
-1930
In base 5, what is 120413 + 22?
120440
In base 6, what is 2 - -20050100?
20050102
In base 3, what is 10 + 12121222022?
12121222102
In base 10, what is 3 - -7713?
7716
In base 2, what is -11 - 1001000010100010101?
-1001000010100011000
In base 3, what is -20 + -2002201212?
-2002202002
In base 8, what is -40 - -13541?
13501
In base 14, what is -c83c + 4?
-c838
In base 6, what is -5 + 2135514?
2135505
In base 7, what is -3 + -62131?
-62134
In base 15, what is 23 + a4?
c7
In base 13, what is 5991ac - 2?
5991aa
In base 16, what is 39 + ffe?
1037
In base 9, what is -434 + 27?
-406
In base 13, what is 5 - -8864?
8869
In base 14, what is -1d36 + -1?
-1d37
In base 7, what is -6 - 15626?
-15635
In base 13, what is 1921 - 5?
1919
In base 5, what is -1211 - 224010?
-230221
In base 8, what is 10231 - 102?
10127
In base 13, what is -3 - -7042?
703c
In base 2, what is 100101100111111000 + 1?
100101100111111001
In base 12, what is 1a202 + -4?
1a1ba
In base 7, what is -23011 + -6?
-23020
In base 2, what is -10011 - -101100001111011?
101100001101000
In base 9, what is 77 + 1274?
1362
In base 2, what is 1011000101001000010010 - 11?
1011000101001000001111
In base 14, what is -112 - 3c2?
-4d4
In base 9, what is 8 - 70?
-61
In base 13, what is -3 + -c176?
-c179
In base 16, what is 52 + -63?
-11
In base 14, what is 67c - 0?
67c
In base 9, what is -1021 + -561?
-1582
In base 10, what is -10742 - -251?
-10491
In base 8, what is 2 + 176150?
176152
In base 14, what is 0 - -35866?
35866
In base 13, what is 6 + 92961?
92967
In base 16, what is ab + f95?
1040
In base 4, what is -11031133 - -3?
-11031130
In base 7, what is 1633 + -5556?
-3623
In base 14, what is 1411 - a?
1405
In base 16, what is 8b + -f6?
-6b
In base 4, what is -102110231 + 113?
-102110112
In base 7, what is 1044 - 45?
666
In base 6, what is -3040 - -23?
-3013
In base 4, what is -1 + 301320333?
301320332
In base 16, what is -9 - -100f?
1006
In base 4, what is 11310132 + 20?
11310212
In base 6, what is -50133 - 4?
-50141
In base 12, what is -41240 + -2?
-41242
In base 3, what is 2101 + 1202222?
1212100
In base 14, what is 2c7 + -8b0?
-5c7
In base 11, what is -12406 - 5?
-124